 base 15, what is -8 + 71b6?
71ad
In base 10, what is -435 - 2192?
-2627
In base 15, what is 58d + -3d?
550
In base 6, what is -21 + 112125?
112104
In base 10, what is -11652 + -9?
-11661
In base 2, what is -1100110100001 + -10111?
-1100110111000
In base 15, what is -18c820 + -5?
-18c825
In base 11, what is -a44682 - 4?
-a44686
In base 9, what is -21 + 2141?
2120
In base 16, what is -1526e - 8?
-15276
In base 10, what is 9006 + 4?
9010
In base 5, what is 20 + 42204343?
42204413
In base 2, what is 1000101111000111101000 + -10?
1000101111000111100110
In base 11, what is 57 - a3?
-47
In base 2, what is -100001 - -11011000?
10110111
In base 10, what is 2 + 122547?
122549
In base 11, what is 16 + 1555?
1570
In base 13, what is 4b + -7180?
-7132
In base 15, what is -1723 - -2b?
-16e7
In base 3, what is 11 + -10021102102?
-10021102021
In base 10, what is -3 - 13488?
-13491
In base 3, what is 2121001212 + 1?
2121001220
In base 5, what is 120233 - 24?
120204
In base 8, what is 3 + 253373?
253376
In base 9, what is -7084 - 2?
-7086
In base 4, what is -33131210123 + 0?
-33131210123
In base 3, what is 121002222102 - 0?
121002222102
In base 8, what is -55 + -55571?
-55646
In base 9, what is 4150 - -10?
4160
In base 2, what is -101000011100001101001 + 11?
-101000011100001100110
In base 5, what is 124 + -2200?
-2021
In base 11, what is 4 + 48aa?
4903
In base 15, what is -cbb11 + -3?
-cbb14
In base 16, what is 5eb0 + -c?
5ea4
In base 15, what is 64b - 43?
608
In base 4, what is 3 + 103000031?
103000100
In base 3, what is -102 + 2001221?
2001112
In base 11, what is 1a81 + -a2a?
1052
In base 5, what is 1 - -312233?
312234
In base 16, what is 1c6 - 7a?
14c
In base 8, what is 31735 - 27?
31706
In base 16, what is -398a - 36?
-39c0
In base 13, what is 5583c - 1?
5583b
In base 7, what is -1430 + 4131?
2401
In base 7, what is 5 + 525145?
525153
In base 2, what is -110101 + 111001001?
110010100
In base 14, what is c87 - 2a?
c5b
In base 10, what is 5839 - 6?
5833
In base 16, what is -146 + -867?
-9ad
In base 16, what is -1 - -35618?
35617
In base 13, what is 0 - 2b0b?
-2b0b
In base 7, what is 1 + 5021?
5022
In base 16, what is -207 + 2ad?
a6
In base 16, what is -3 + 23ab0?
23aad
In base 11, what is 2 + 85510?
85512
In base 3, what is -1 + 2022100112?
2022100111
In base 9, what is 6741 + 701?
7542
In base 8, what is -772 + 164?
-606
In base 13, what is -108136a - 4?
-1081371
In base 10, what is 2 + 21938?
21940
In base 3, what is 1021201000220 + 11?
1021201001001
In base 16, what is 2fc + -33?
2c9
In base 4, what is -300131 + -3?
-300200
In base 5, what is 14 + 14031400?
14031414
In base 15, what is 8dacb + -5?
8dac6
In base 6, what is -13222550 - -1?
-13222545
In base 7, what is 1453 + 43?
1526
In base 4, what is -12 + 32130032?
32130020
In base 12, what is -16075 + -66?
-1611b
In base 2, what is 11110 + 10111000011001?
10111000110111
In base 7, what is -53 + 411?
325
In base 2, what is -111111010110101111110 - 11?
-111111010110110000001
In base 7, what is 6 + 11134?
11143
In base 14, what is -794 + c?
-786
In base 11, what is 5 - 786?
-781
In base 6, what is -30101 - 420?
-30521
In base 11, what is -14438 + 2?
-14436
In base 8, what is -110 - -2655?
2545
In base 13, what is -a - 211?
-21b
In base 12, what is -4 - 172bb?
-17303
In base 8, what is -36677 + -5?
-36704
In base 10, what is -632941 + 3?
-632938
In base 6, what is 2 - -50130551?
50130553
In base 4, what is 1022103 + 22?
1022131
In base 6, what is 302054 - 3?
302051
In base 11, what is -2643 + -26?
-2669
In base 13, what is -1 + -93102?
-93103
In base 10, what is -6 + 879981?
879975
In base 4, what is 203 + 2122201?
2123010
In base 13, what is 1 + 75?
76
In base 4, what is 11 - 200133?
-200122
In base 12, what is 45 + -36596?
-36551
In base 13, what is 4 + -10a099?
-10a095
In base 11, what is -18586 - 0?
-18586
In base 10, what is 1 - -416?
417
In base 7, what is -235242 + -2?
-235244
In base 14, what is -86 + 1b06?
1a60
In base 13, what is 62 - -10a8?
113a
In base 14, what is d6 - -52c?
624
In base 3, what is 11 + -222200020?
-222200002
In base 11, what is 179 - 10a6?
-a28
In base 11, what is 109 - 6?
103
In base 15, what is -c8e - -d?
-c81
In base 12, what is 397 - 240?
157
In base 2, what is -1000000110011 - -10100?
-1000000011111
In base 8, what is -664 - -4341?
3455
In base 3, what is -10 + -120022200?
-120022210
In base 10, what is 71 + 66?
137
In base 13, what is aab04 + -11?
aaac3
In base 16, what is 4d1 + 55a?
a2b
In base 13, what is 71b3 - -5?
71b8
In base 3, what is 0 + -2121222001011?
-2121222001011
In base 11, what is -3 - 306108?
-306110
In base 6, what is 103402221 + 1?
103402222
In base 5, what is 401 + 3241?
4142
In base 3, what is 10221000112 - -2?
10221000121
In base 9, what is 146613 + -58?
146544
In base 9, what is 3077 - 514?
2463
In base 13, what is a3 + -2a39?
-2966
In base 4, what is -10 - 12113?
-12123
In base 6, what is 12 - 150505?
-150453
In base 10, what is 1667349 + 5?
1667354
In base 14, what is a + -3395?
-3389
In base 3, what is 2 + 1022121201101?
1022121201110
In base 14, what is -c406 - 2c?
-c434
In base 15, what is 106 + -1c?
d9
In base 3, what is 21 + 21222102?
21222200
In base 13, what is 1 + c15?
c16
In base 2, what is 10 - -101101101011110100?
101101101011110110
In base 9, what is -27 + 3451?
3423
In base 12, what is -5aa62 + 1?
-5aa61
In base 10, what is -4 - 26121?
-26125
In base 8, what is -1 + 2041?
2040
In base 9, what is 4 + 35358?
35363
In base 7, what is -20010 + 1036?
-15641
In base 8, what is -10 - -1023470?
1023460
In base 14, what is 2 + -a264?
-a262
In base 15, what is 4d9 - -a4?
58d
In base 3, what is -20 + 20200010?
20122220
In base 16, what is -2 + -aaad?
-aaaf
In base 5, what is 10 + -1224224?
-1224214
In base 16, what is 1c7 - -c59?
e20
In base 8, what is -6570442 + 3?
-6570437
In base 6, what is 122214 + 1?
122215
In base 2, what is 111010100111101101111 + -1?
111010100111101101110
In base 10, what is 1801879 - -5?
1801884
In base 4, what is -1030122 + -2?
-1030130
In base 13, what is 4271 + 0?
4271
In base 10, what is -164369 - 5?
-164374
In base 14, what is 11 + 5b6?
5c7
In base 5, what is -32112 - 2?
-32114
In base 12, what is 1a - 865?
-847
In base 15, what is 464 - -24b?
6b0
In base 3, what is 11 + 2020021220?
2020022001
In base 4, what is 1113112332 + 10?
1113113002
In base 7, what is -4530 - 103?
-4633
In base 15, what is -17480 - d?
-1748d
In base 12, what is 1952 - -4?
1956
In base 7, what is -20256 - -61?
-20165
In base 4, what is -10 - -3112030?
3112020
In base 13, what is 18 - 10046?
-1002b
In base 10, what is 411 - -47?
458
In base 4, what is 11312 - -103?
12021
In base 15, what is 1a6d - -24e?
1cbc
In base 3, what is -20221211 + -1201?
-21000112
In base 10, what is -219 - 129?
-348
In base 9, what is 80 + 8481?
8571
In base 8, what is 35 - -1002?
1037
In base 3, what is -10110211 - 100022?
-10211010
In base 14, what is -d3 - -12b?
38
In base 13, what is b10 - 255?
888
In base 3, what is -1001001 + 101222?
-122002
In base 4, what is 101132 + 230122?
331320
In base 14, what is -b1 + 161c?
154b
In base 10, what is 22351 + 6?
22357
In base 7, what is 21 - 2041?
-2020
In base 13, what is -1754 + 6?
-174b
In base 11, what is 23339 + -1?
23338
In base 13, what is 6 + 42668?
42671
In base 3, what is -2211021 + -1110100?
-11021121
In base 3, what is 22 - 21222102?
-21222010
In base 3, what is 1202021020 + 0?
1202021020
In base 16, what is e + 445d?
446b
In base 9, what is 730 - 183?
536
In base 7, what is -1003 + 43613?
42610
In base 14, what is -17d821 + 0?
-17d821
In base 2, what is -1110100111 + -10100101?
-10001001100
In base 12, what is 5 - -258b0?
258b5
In base 13, what is -5 - -990b?
9906
In base 7, what is 3261554 + -1?
3261553
In base 2, what is -10 + -10110001010001011?
-10110001010001101
In base 14, what is -1ad - -d85?
bb6
In base 13, what is -2 + -b73?
-b75
In base 15, what is 93d4 + 3?
93d7
In base 5, what is 4 + 21211422?
21211431
In base 11, what is -27 - 853?
-87a
In base 16, what is de + 64?
142
In base 12, what is -36 + -19644?
-1967a
In base 4, what is 30322 - -3000?
33322
In base 15, what is -93b + 4d3?
-458
In base 12, what is 51 - 18?
35
In base 9, what is -3 - 14641?
-14644
In base 2, what is -10001 + -1110100010110